s -78902 (base 10) in base 14?
-20a7c
6cc (base 13) to base 16
49e
What is -a1 (base 13) in base 15?
-8b
-23 (base 10) to base 4
-113
-6132 (base 16) to base 9
-37116
-50 (base 7) to base 11
-32
-3450 (base 8) to base 14
-94c
Convert 151 (base 16) to base 11.
287
Convert -223320 (base 5) to base 15.
-255a
Convert 615 (base 12) to base 5.
12011
Convert -1000011101 (base 2) to base 15.
-261
What is 32303 (base 4) in base 9?
1262
Convert 1111010 (base 4) to base 7.
21605
What is -717 (base 10) in base 4?
-23031
What is 51a (base 12) in base 2?
1011100110
What is -221010 (base 3) in base 2?
-1010100110
Convert -2516 (base 9) to base 5.
-30003
-c5ab (base 13) to base 14
-9d78
12d (base 14) to base 15
10c
What is -1e0 (base 16) in base 6?
-2120
-84b (base 14) to base 2
-11001100011
Convert -13a2b (base 14) to base 3.
-2110201202
Convert -1014020 (base 6) to base 7.
-262233
Convert 121221212 (base 3) to base 14.
4710
-1690 (base 12) to base 5
-41300
-25021 (base 6) to base 16
-e65
Convert -11022312 (base 4) to base 8.
-51266
What is 28c (base 13) in base 11?
383
What is -936 (base 15) in base 8?
-4034
Convert -14223 (base 6) to base 8.
-4307
What is 2636 (base 8) in base 7?
4123
693 (base 13) to base 14
5b0
3198 (base 13) to base 4
1223211
547 (base 13) to base 15
404
Convert 24062 (base 8) to base 4.
2200302
211111211 (base 3) to base 4
10000123
Convert 2132230 (base 5) to base 14.
d47b
Convert 24396 (base 11) to base 16.
8902
What is 4c8 (base 13) in base 12?
5a0
3868 (base 10) to base 9
5267
-1101001010 (base 2) to base 8
-1512
Convert 41101 (base 8) to base 14.
6277
220222212 (base 3) to base 6
220205
Convert 7a61 (base 12) to base 10.
13609
-1054510 (base 6) to base 3
-2202022220
Convert 1201 (base 8) to base 9.
782
What is 3132122 (base 4) in base 10?
14234
What is -2c38 (base 15) in base 12?
-55bb
-12730 (base 13) to base 8
-102601
Convert 2656 (base 12) to base 6.
32150
468 (base 9) to base 10
386
Convert -10110011101101 (base 2) to base 10.
-11501
What is 1000101000 (base 2) in base 9?
673
-1022212120 (base 3) to base 11
-18714
What is 133041 (base 7) in base 11?
1791a
Convert 22125 (base 6) to base 7.
11654
-4204230 (base 5) to base 11
-48094
5037 (base 8) to base 2
101000011111
Convert 13781 (base 10) to base 16.
35d5
What is 62 (base 11) in base 7?
125
What is 9cf (base 16) in base 6?
15343
What is f2c (base 16) in base 13?
19ca
What is 16207 (base 10) in base 14?
5c99
74c2 (base 15) to base 3
1020220002
Convert -1032 (base 6) to base 15.
-10b
What is 14230 (base 8) in base 11?
4804
Convert -110011011000 (base 2) to base 14.
-12ac
Convert 44a1 (base 12) to base 7.
31120
-1c518 (base 13) to base 11
-38a0a
119 (base 12) to base 8
245
Convert -12445 (base 10) to base 14.
-476d
Convert 804 (base 9) to base 15.
2d7
Convert -26918 (base 11) to base 15.
-b586
Convert 6001 (base 10) to base 3.
22020021
2226 (base 12) to base 14
1538
What is 3c24 (base 15) in base 11?
9730
Convert -1c40c (base 14) to base 4.
-101213030
What is -15587 (base 15) in base 3?
-10111022101
What is 195 (base 15) in base 4?
11231
Convert -2 (base 9) to base 14.
-2
What is -42305 (base 6) in base 14?
-2133
What is -2211211110 (base 3) in base 4?
-31223022
What is -1379 (base 13) in base 4?
-223310
What is 23415 (base 8) in base 4?
2130031
Convert 9279 (base 12) to base 14.
5b41
-283 (base 9) to base 13
-153
15b0 (base 16) to base 3
21121122
Convert 22484 (base 12) to base 8.
131044
-5040 (base 9) to base 6
-25013
Convert 302232 (base 4) to base 3.
11110020
What is -1732 (base 9) in base 5?
-20300
What is 1462 (base 10) in base 7?
4156
Convert -7758 (base 11) to base 5.
-311402
-c93 (base 16) to base 10
-3219
Convert 1287 (base 11) to base 4.
122010
Convert -384 (base 9) to base 15.
-164
What is 234 (base 13) in base 5?
3011
Convert 101111110000 (base 2) to base 7.
11624
Convert 7095 (base 16) to base 10.
28821
Convert -502 (base 6) to base 4.
-2312
31b (base 13) to base 11
443
10111110000010 (base 2) to base 5
342122
Convert -3462 (base 11) to base 2.
-1000111000001
a91 (base 13) to base 7
5162
Convert 5a88 (base 14) to base 9.
23605
1101000101 (base 2) to base 4
31011
-31100 (base 5) to base 2
-11111101001
16b (base 13) to base 12
196
Convert -3345 (base 6) to base 12.
-555
What is -72 (base 11) in base 5?
-304
Convert -1320321 (base 4) to base 12.
-4589
Convert -430 (base 11) to base 16.
-205
Convert 10010000 (base 2) to base 13.
b1
1010100100 (base 2) to base 13
400
Convert 221 (base 3) to base 6.
41
-103222 (base 4) to base 3
-1201121
9463 (base 11) to base 14
47d2
6366 (base 8) to base 16
cf6
-a7b7 (base 14) to base 8
-70455
Convert -223a (base 12) to base 2.
-111011001110
101211020 (base 3) to base 2
1111011010010
What is 2a08 (base 15) in base 11?
684a
87150 (base 9) to base 7
330162
Convert 254252 (base 7) to base 15.
de6b
24840 (base 12) to base 13
19752
Convert -324 (base 6) to base 14.
-8c
-433340 (base 5) to base 7
-61165
Convert 1630 (base 7) to base 6.
3014
Convert 206 (base 11) to base 9.
305
Convert -1146 (base 10) to base 15.
-516
-11111 (base 2) to base 4
-133
-1000100010 (base 2) to base 11
-457
-2233 (base 4) to base 7
-340
Convert a8c (base 14) to base 2.
100000100100
11553 (base 6) to base 5
23400
d8 (base 16) to base 7
426
What is 57561 (base 10) in base 4?
32003121
Convert 4a1 (base 12) to base 15.
317
-408 (base 11) to base 3
-200020
Convert 1451 (base 6) to base 12.
287
Convert -3073 (base 9) to base 3.
-10002110
464a (base 16) to base 15
54e9
Convert 6b (base 15) to base 9.
122
1716 (base 9) to base 2
10100011111
136402 (base 7) to base 9
40024
Convert 1121100022 (base 3) to base 12.
16352
-21102120 (base 3) to base 11
-4083
-435 (base 7) to base 9
-266
24023 (base 8) to base 4
2200103
Convert -256 (base 14) to base 10.
-468
What is -812 (base 9) in base 4?
-22103
Convert -3458 (base 15) to base 13.
-5096
Convert -b798 (base 16) to base 3.
-2101110202
-42033 (base 5) to base 13
-134c
Convert -391 (base 14) to base 4.
-23023
What is -3a (base 11) in base 14?
-31
224644 (base 7) to base 9
61021
Convert 20b9 (base 12) to base 10.
3597
What is -11312 (base 6) in base 16?
-65c
What is 2110022 (base 3) in base 10?
1790
What is 13233 (base 4) in base 8?
757
What is -201221 (base 5) in base 6?
-45444
Convert -11569 (base 10) to base 13.
-535c
-31266 (base 7) to base 10
-7692
a404 (base 12) to base 4
10113010
Convert -1101110 (base 3) to base 5.
-13021
What is -2238 (base 13) in base 6?
-34043
-50b4 (base 15) to base 10
-17044
What is 3057 (base 12) in base 9?
7174
13768 (base 12) to base 16
6980
What is -1110 (base 7) in base 10?
-399
What is -5b6b (base 12) in base 4?
-2201003
123414 (base 6) to base 2
10101110100010
What is -68 (base 15) in base 8?
-142
-13120120 (base 4) to base 14
-b036
5757 (base 8) to base 5
44210
What is -41335 (base 6) in base 11?
-4179
1222122 (base 4) to base 5
204220
3147 (base 9) to base 12
1407
What is -292 (base 12) in base 3?
-112202
152 (base 14) to base 16
10c
What is 1032112 (base 4) in base 12?
2a9a
-406 (base 9) to base 10
-330
Convert -232223 (base 6) to base 10.
-19959
What is -3849 (base 11) in base 8?
-11626
-2303313 (base 5) to base 7
-230530
-41200 (base 5) to base 9
-3602
What is 397 (base 11) in base 7?
1240
Convert 301 (base 12) to base 2.
110110001
-15658 (base 10) to base 15
-498d
-40315 (base 7) to base 15
-2d5d
What is 478 (base 12) in base 8?
1234
What is -101022 (base 4) in base 13?
-666
What is 1aac (base 14) in base 4?
1023320
What is 1972 (base 14) in base 6?
33200
Convert -493 (base 13) to base 3.
-1002111
Convert 50de (base 15) to base 4.
10022330
Convert 1077 (base 8) to base 7.
1451
What is -302232 (base 7) in base 10?
-51228
What is -200404 (base 5) in base 6?
-45230
What is -73 (base 14) in base 16?
-65
-10121202 (base 3) to base 16
-a4f
Convert -b463 (base 12) to base 4.
-10303023
What is 647 (base 8) in base 7?
1143
What is -1158 (base 15) in base 2?
-111001100011
Convert -1c86b (base 13) to base 16.
-dc2e
-215 (base 13) to base 10
-356
What is -4b65 (base 12) in base 10?
-8573
What is -2342 (base 8) in base 15?
-585
Convert -16146 (base 11) to base 7.
-123316
What is -2100002200 (base 3) in base 6?
-552543
Convert 35057 (base 8) to base 5.
434040
What is -1304 (base 8) in base 3?
-22202